 + h. What is the hundreds digit of p?
4
Let l be (4/(-6) + 0)*-12. Suppose l*n + 2*n - 1000 = 0. What is the units digit of (-5 - -8)/(-2 + 1) + n?
7
Suppose 10*y = -2392 + 82. Let t = -132 - y. What is the units digit of t?
9
Let t(h) = -13*h + 10. Let z be t(-6). Let n = 299 - z. Suppose -4*x + n = -3*r, -r + 108 = 2*x - 5*r. What is the units digit of x?
2
Let b(h) = -29*h + 282. Let s be b(10). Let a(g) be the second derivative of g**4/6 + g**3/2 + 13*g**2 + 2*g. What is the hundreds digit of a(s)?
1
Let k = 375 - 375. Let q = -4 - -7. Suppose -2*c + c + q = k. What is the units digit of c?
3
Let a be 50/(-225) + 788/(-18). Let i = 115 + 30. Let f = i + a. What is the units digit of f?
1
Let m = 76 - 80. Let y be (4/(-6))/(m/162). Let u(s) = -s**2 + 37*s - 50. What is the tens digit of u(y)?
2
Let o(q) = 3*q**2 - 22*q - 2. Let b be o(-17). Suppose b + 45 = 4*w. What is the units digit of w?
1
Let c(q) = -q**2 + 29*q + 16. Let s be c(19). Suppose 14 + s = 5*i. What is the units digit of i?
4
Let t = 53 + -52. Let j be 57 - 2*((-9)/(-6) - t). Suppose 0 = -7*x + 672 + j. What is the hundreds digit of x?
1
Suppose 4*x + l + 1232 = -4*l, -5*l = -3*x - 889. Let m = 788 + x. Suppose b = -w + 91, 5*b + 0*w = w + m. What is the tens digit of b?
9
Suppose 0 = -25*k + 13*k - 5700. Let f = k - -770. What is the units digit of f?
5
Let l = 68230 + -44251. What is the ten thousands digit of l?
2
Let f(z) = z**2 - 4*z - 5. Let g be f(9). Let n = g - 35. Suppose n*w - v - 529 = 51, 3*w = 3*v + 336. What is the units digit of w?
7
What is the hundreds digit of ((-55826)/(-3))/(16 + 690/(-45))?
9
Let c(f) = f**3 - 14*f**2 + f - 95. What is the units digit of c(32)?
9
Let c = -4570 - -11772. What is the tens digit of c?
0
Suppose -47*u - 22*u = -928294 - 126992. What is the units digit of u?
4
Suppose 0 = 34*q - 256461 - 690133. What is the ten thousands digit of q?
2
Let j(w) = -6*w**3 + 28*w**2 + 7*w + 19. Let q be j(5). Suppose -1114 = -q*x + 2*v, 5*x = 15*v - 20*v + 1430. What is the tens digit of x?
8
Suppose -18 + 0 = -9*s. Suppose s*b - 288 = -4*b. Suppose b = 6*v - 72. What is the tens digit of v?
2
Suppose -55*r - 4*r = 0. Suppose -216*d + 205*d + 4070 = r. What is the tens digit of d?
7
Let f(t) = t + 5 + 18*t**2 - t - 19*t**2. Let a be f(0). What is the hundreds digit of 254*((-20)/(-8))/a?
1
Let g(k) = 27*k**2 + 57*k - 85. What is the tens digit of g(-13)?
3
Let l(u) = -1. Let o(s) = -93*s - 6. Let f be 7/21*3*-1. Let p(m) = f*o(m) + 5*l(m). What is the units digit of p(2)?
7
What is the units digit of (-5)/(15/(-234099)) + 232/58?
7
Suppose 6*x + 106 - 124 = 0. Let i(h) = h + 4. Let g be i(-5). What is the tens digit of 82 + 3 + (x - g)?
8
Suppose -4*w - 3*f = -49048, 872*f = 4*w + 871*f - 49064. What is the units digit of w?
5
Suppose 17271413 - 516444 = 308*z + 99*z. What is the hundreds digit of z?
1
Suppose 0 = 5*o - 5*h - 13220, 2*h + 2991 = -2*o + 8287. Let g = o + -1819. What is the tens digit of g?
2
Let s be (10*(-14)/105)/((-4)/6). Suppose 4*c - 17 - 231 = -2*d, -s*d + c = -243. What is the hundreds digit of d?
1
Suppose -24*h = -32*h + 368. Suppose 12520 = -38*s + h*s. What is the units digit of s?
5
Let m = 3470 - -11719. What is the ten thousands digit of m?
1
Let c be 7*-94 - (1 + 1). Let g = c - -1219. Let m = g - 353. What is the units digit of m?
6
Suppose 5*t - 55238 = -4*r, 22*r = 26*r + t - 55214. What is the tens digit of r?
0
Let x = 12177 + -6813. What is the thousands digit of x?
5
Suppose -20*y = 24*y - 880. What is the units digit of y*(8 + (-344)/(-16))?
0
Suppose -15694 = -30*j + 7646. What is the units digit of j?
8
Let n = 2975 + -408. What is the hundreds digit of n?
5
Let w(n) = -85*n + 82. Let b(j) = -2. Let c(h) = -4*b(h) - w(h). What is the hundreds digit of c(9)?
6
Let y be (-69)/(-2)*((-248)/(-24) - 11). Suppose -2*j + 2*l + 58 = 0, -18 = j - 3*l - 55. Let b = y + j. What is the units digit of b?
2
Suppose -5*m + 3*n = 3 - 16, 5*n = 3*m + 5. Let j(u) = 93*u + 27. What is the tens digit of j(m)?
9
What is the ten thousands digit of 3/((33/(-99))/((-38695)/9))?
3
Let m(u) be the third derivative of 2*u**5/5 - 5*u**4/12 + 35*u**3/6 - 88*u**2. What is the units digit of m(-5)?
5
Suppose -25*g - 40 = -17*g. What is the units digit of 9 - 32*(-9 + g)?
7
Suppose 5*o = 8*o - 117. Let j = o + -38. What is the tens digit of 623/28 - j/4?
2
Let w(c) = 4*c**2 + 5*c - 13. Let m = 27 - 33. Let n be w(m). Suppose 0 = 5*v + 3*t - n - 151, 201 = 4*v + 3*t. What is the tens digit of v?
5
Let p be 62/155 - (-3)/10*52. Suppose -p*c + 4230 = -c. What is the units digit of c?
2
Let d(k) = -625*k**3 - 15*k**2 + 14*k - 13. Let l(v) = 627*v**3 + 17*v**2 - 15*v + 14. Let i(a) = -7*d(a) - 6*l(a). What is the hundreds digit of i(1)?
6
Suppose 264 = -12*b + 1344. What is the hundreds digit of 3/(b/(-4)) + 1642564/1155?
4
Let i = -24 + 27. Let w be -1 - (-2 + 3) - (4 - i). Let r(x) = -4*x**3 - 2*x**2 - 2*x - 1. What is the units digit of r(w)?
5
Let k = -16 + 20. Suppose -k*i = -6*u + 3*u - 2660, -4*i + 2*u + 2656 = 0. Suppose i = 4*m + 2*x, -5*x - 21 - 161 = -m. What is the units digit of m?
7
Suppose -184 = -5*x - 0*x + 4*c, c + 109 = 3*x. Let s be 0/(6/(-27) + 80/x). Suppose s = 6*p - 33 - 513. What is the units digit of p?
1
Suppose -3*n + 521 = 146. Suppose -1513 = -4*c - n. What is the units digit of c?
7
Let i(z) = 11*z**2 + 49*z + 9. What is the thousands digit of i(16)?
3
Suppose 0 = -42*q - 302007 + 675251 + 489646. What is the thousands digit of q?
0
Let w(o) = 6*o**2 + 0*o + 12 + o**2 + 15*o - 5*o**2. Suppose 4*u + 5*c + 20 = 3*u, -3*u + 4*c + 35 = 0. What is the hundreds digit of w(u)?
1
What is the units digit of 76/(-95) - (-78859)/55?
3
Suppose -128*w + 139087 + 3522871 = 35*w. What is the units digit of w?
6
Let r = 137768 - 79862. What is the hundreds digit of r?
9
Let t = 495 + -493. What is the hundreds digit of 125/(-100) + (t - (-962)/8)?
1
Let z = -83 - -90. Suppose -57 + z = -o. Let m = -6 + o. What is the units digit of m?
4
What is the hundreds digit of 508685/7 + ((-1320)/210)/22?
6
What is the units digit of 269/(-6187) - 112288/(-46)?
1
Let q be (-32)/18 + (-4)/18. Let j(r) be the first derivative of -3*r**2/2 + 16*r + 384. What is the tens digit of j(q)?
2
Suppose 17*m + 34798 = 390149. What is the hundreds digit of m?
9
What is the thousands digit of 7891/1 + (112 - 109)?
7
Let u = 17273 + 3645. What is the ten thousands digit of u?
2
Let g = -18098 + 37878. What is the hundreds digit of g?
7
Let n = -9389 + 10245. What is the units digit of n?
6
Let s(d) be the second derivative of d**4/4 - d**3/3 + 11*d**2 - 22*d. Let g be s(4). Suppose -4*a + g + 78 = 0. What is the units digit of a?
5
Let x(v) = 30*v**2 + 90*v + 1913. What is the tens digit of x(-27)?
5
Let l(n) = -190*n**3 - 4*n**2 - n + 1. Let t be l(-1). Let d = t + 157. What is the tens digit of d?
4
What is the ten thousands digit of 3 + 571595/50 + 8/80?
1
Let c be 2 + (4 - 4 - -1). Suppose 4*l = c*u - 140, 2*l - 199 = -5*u + 17. What is the units digit of (u + -54)/(3/(45/(-2)))?
5
Let m = 641 + 897. Suppose -r + 5*v + 1530 = 0, -r = 35*v - 36*v - m. What is the hundreds digit of r?
5
Let h(g) = 7*g**3 + g**2 + g - 10. Let s be (0 - 1)/(9 - 8). Let r be s*5 - (-2 + -6). What is the hundreds digit of h(r)?
1
Let t(p) be the first derivative of 2*p**3/3 - 19*p**2/2 + 3*p - 3. Suppose 3*l - 42 = -0*l. What is the units digit of t(l)?
9
Let a(x) = -11*x - 28. Let u be (11/(-6) - (-14)/(-84))*-5. Let i be ((-21)/(-28))/((-1)/(-4)) - u. What is the tens digit of a(i)?
4
Let q(k) = k**3 + 25*k**2 - 2*k - 45. Let i be q(-25). Suppose i*y - 2*f = 824, -6*y + y + 810 = 5*f. What is the units digit of y?
4
Let q(d) = -d**3 - 7*d**2 - 8*d - 8. Let o be q(-6). Let u(z) = 4*z + 15. Let k(i) = -5*i - 14. Let t(a) = o*k(a) + 3*u(a). What is the units digit of t(-6)?
7
Let n(l) = -l - 99. Suppose 3*p + 3 = -0, -k - 2*p = 2. Let x be n(k). Let q = 181 + x. What is the tens digit of q?
8
Let v(n) = 3*n**2 + 45*n - 49. Suppose 2*b + 2*y = -48, 0*b - 3*b = 5*y + 74. What is the tens digit of v(b)?
0
Let j(h) = -18*h - 917. What is the units digit of j(-70)?
3
Let o be -32 - 14/21*3*-2. Let b be o/(-21)*(-9)/(-6). Suppose -b*q - 5*x + 339 = 0, -2*x + 1008 = 4*q +